{"id":47,"date":"2013-10-24T00:06:51","date_gmt":"2013-10-23T22:06:51","guid":{"rendered":"http:\/\/apartman-slunecna.cz\/?page_id=47"},"modified":"2023-10-13T18:02:54","modified_gmt":"2023-10-13T16:02:54","slug":"cenik","status":"publish","type":"page","link":"http:\/\/apartman-slunecna.cz\/?page_id=47","title":{"rendered":"Cen\u00edk"},"content":{"rendered":"<p><strong>Zimn\u00ed sezona<\/strong><br \/>\n250-400,- K\u010d\/osoba\/den (dle doby pobytu)<\/p>\n<p><strong>Letn\u00ed sezona<\/strong><br \/>\n250-400,- K\u010d\/osoba\/den (dle doby pobytu)<\/p>\n<p><strong>Dal\u0161\u00ed informace:<\/strong><br \/>\nV\u0161echny ceny jsou stanoveny individu\u00e1ln\u011b a jsou bez stravy.&nbsp;<\/p>\n","protected":false},"excerpt":{"rendered":"<p>Zimn\u00ed sezona 250-400,- K\u010d\/osoba\/den (dle doby pobytu) Letn\u00ed sezona 250-400,- K\u010d\/osoba\/den (dle doby pobytu) Dal\u0161\u00ed informace: V\u0161echny ceny jsou stanoveny individu\u00e1ln\u011b a jsou bez stravy.&nbsp;<\/p>\n","protected":false},"author":1,"featured_media":0,"parent":0,"menu_order":3,"comment_status":"closed","ping_status":"closed","template":"","meta":{"ngg_post_thumbnail":0},"_links":{"self":[{"href":"http:\/\/apartman-slunecna.cz\/index.php?rest_route=\/wp\/v2\/pages\/47"}],"collection":[{"href":"http:\/\/apartman-slunecna.cz\/index.php?rest_route=\/wp\/v2\/pages"}],"about":[{"href":"http:\/\/apartman-slunecna.cz\/index.php?rest_route=\/wp\/v2\/types\/page"}],"author":[{"embeddable":true,"href":"http:\/\/apartman-slunecna.cz\/index.php?rest_route=\/wp\/v2\/users\/1"}],"replies":[{"embeddable":true,"href":"http:\/\/apartman-slunecna.cz\/index.php?rest_route=%2Fwp%2Fv2%2Fcomments&post=47"}],"version-history":[{"count":14,"href":"http:\/\/apartman-slunecna.cz\/index.php?rest_route=\/wp\/v2\/pages\/47\/revisions"}],"predecessor-version":[{"id":383,"href":"http:\/\/apartman-slunecna.cz\/index.php?rest_route=\/wp\/v2\/pages\/47\/revisions\/383"}],"wp:attachment":[{"href":"http:\/\/apartman-slunecna.cz\/index.php?rest_route=%2Fwp%2Fv2%2Fmedia&parent=47"}],"curies":[{"name":"wp","href":"https:\/\/api.w.org\/{rel}","templated":true}]}}

Ceník

<p><strong>Zimní sezona</strong><br />
250-400,- Kč/osoba/den (dle doby pobytu)</p>
<p><strong>Letní sezona</strong><br />
250-400,- Kč/osoba/den (dle doby pobytu)</p>
<p><strong>Další informace:</strong><br />
Všechny ceny jsou stanoveny individuálně a jsou bez stravy.&nbsp;</p>

<p>Zimní sezona 250-400,- Kč/osoba/den (dle doby pobytu) Letní sezona 250-400,- Kč/osoba/den (dle doby pobytu) Další informace: Všechny ceny jsou stanoveny individuálně a jsou bez stravy.&nbsp;</p>
